{"id":29,"date":"2015-10-08T23:36:52","date_gmt":"2015-10-08T23:36:52","guid":{"rendered":"http:\/\/www.frimec.pt\/?page_id=29"},"modified":"2024-06-11T16:51:21","modified_gmt":"2024-06-11T15:51:21","slug":"politica-para-cookies","status":"publish","type":"page","link":"https:\/\/www.frimec.pt\/?page_id=29","title":{"rendered":"Politica para cookies"},"content":{"rendered":"<p><span style=\"color: #000000; font-family: Calibri;\">Aviso Cookies<\/span><\/p>\n<p><span style=\"color: #000000; font-family: Calibri;\">Usamos cookies para melhorar o desempenho e a sua experi\u00eancia como utilizador. Esta p\u00e1gina explica como o fazemos.<\/span><\/p>\n<p><b><span style=\"color: #000000; font-family: Calibri;\">O que s\u00e3o cookies<\/span><\/b><\/p>\n<p><span style=\"color: #000000; font-family: Calibri;\">Os cookies s\u00e3o pequenos ficheiros de texto que um site, ao ser visitado pelo utilizador, coloca no seu computador ou no seu dispositivo m\u00f3vel atrav\u00e9s do navegador de internet (browser). A coloca\u00e7\u00e3o de cookies ajudar\u00e1 o site a reconhecer o seu dispositivo na pr\u00f3xima vez que o utilizador o visita.<br \/>\nUsamos o termo cookies nesta pol\u00edtica para referir todos os ficheiros que recolhem informa\u00e7\u00f5es desta forma, os cookies utilizados n\u00e3o recolhem informa\u00e7\u00e3o que identifica o utilizador. Os cookies recolhem informa\u00e7\u00f5es gen\u00e9ricas, designadamente a forma como os utilizadores chegam e utilizam os sites ou a zona do pa\u00eds\/pa\u00edses atrav\u00e9s do qual acedem ao site, etc.<br \/>\nOs cookies ret\u00eam apenas informa\u00e7\u00e3o relacionada com as suas prefer\u00eancias.<br \/>\nA qualquer momento o utilizador pode, atrav\u00e9s do seu navegador de internet (browser) decidir ser notificado sobre a recep\u00e7\u00e3o de cookies, bem como bloquear a respectiva entrada no seu sistema.<br \/>\nA recusa de uso de cookies no site, pode resultar na impossibilidade de ter acesso a algumas das suas \u00e1reas ou de receber informa\u00e7\u00e3o personalizada.<\/span><\/p>\n<p><b><span style=\"color: #000000; font-family: Calibri;\">Para que servem os cookies<\/span><\/b><\/p>\n<p><span style=\"color: #000000; font-family: Calibri;\">Os cookies s\u00e3o usados para ajudar a determinar a utilidade, interesse e o n\u00famero de utiliza\u00e7\u00f5es dos sites, permitindo uma navega\u00e7\u00e3o mais r\u00e1pida e eficiente e eliminando a necessidade de introduzir repetidamente as mesmas informa\u00e7\u00f5es.<\/span><\/p>\n","protected":false},"excerpt":{"rendered":"<p>Aviso Cookies Usamos cookies para melhorar o desempenho e a sua experi\u00eancia como utilizador. Esta p\u00e1gina explica como o fazemos. O que s\u00e3o cookies Os cookies s\u00e3o pequenos ficheiros de texto que um site, ao ser visitado pelo utilizador, coloca no seu computador ou no seu dispositivo m\u00f3vel atrav\u00e9s do navegador de internet (browser). A [&hellip;]<\/p>\n","protected":false},"author":4,"featured_media":0,"parent":0,"menu_order":0,"comment_status":"closed","ping_status":"closed","template":"cookies.php","meta":{"footnotes":""},"class_list":["post-29","page","type-page","status-publish","hentry"],"_links":{"self":[{"href":"https:\/\/www.frimec.pt\/index.php?rest_route=\/wp\/v2\/pages\/29","targetHints":{"allow":["GET"]}}],"collection":[{"href":"https:\/\/www.frimec.pt\/index.php?rest_route=\/wp\/v2\/pages"}],"about":[{"href":"https:\/\/www.frimec.pt\/index.php?rest_route=\/wp\/v2\/types\/page"}],"author":[{"embeddable":true,"href":"https:\/\/www.frimec.pt\/index.php?rest_route=\/wp\/v2\/users\/4"}],"replies":[{"embeddable":true,"href":"https:\/\/www.frimec.pt\/index.php?rest_route=%2Fwp%2Fv2%2Fcomments&post=29"}],"version-history":[{"count":1,"href":"https:\/\/www.frimec.pt\/index.php?rest_route=\/wp\/v2\/pages\/29\/revisions"}],"predecessor-version":[{"id":49,"href":"https:\/\/www.frimec.pt\/index.php?rest_route=\/wp\/v2\/pages\/29\/revisions\/49"}],"wp:attachment":[{"href":"https:\/\/www.frimec.pt\/index.php?rest_route=%2Fwp%2Fv2%2Fmedia&parent=29"}],"curies":[{"name":"wp","href":"https:\/\/api.w.org\/{rel}","templated":true}]}}